 - y. Is w a prime number?
True
Let w = 19 + 2. Let n = 54 - w. Is n prime?
False
Let m = 108 - -83. Is m a prime number?
True
Suppose 8*c - 4*c - 182 = -5*t, t - 2*c - 28 = 0. Suppose -5*l - 5*r + 35 = 0, 2*l - l + 1 = r. Suppose -2*x + 3 - 11 = 0, 4*x = l*q - t. Is q composite?
True
Let t(s) be the first derivative of 8*s**2 - 7*s + 4. Let o(z) = 32*z - 13. Let f(w) = 6*o(w) - 11*t(w). Is f(3) prime?
True
Let r(c) = -2*c + 14. Let i be r(7). Suppose i*z + 254 = 2*z. Is z prime?
True
Let c(z) = -z**3 + 3*z**2 - z - 3. Let s be c(3). Let u(i) be the first derivative of i**4/4 + 8*i**3/3 + 3*i**2 + i + 1. Is u(s) a prime number?
True
Let c(q) = -4*q**3 + 5*q**3 + 4*q**2 + 13*q - 5 - 2*q**3 + 2. Is c(5) a composite number?
False
Let f be 3*(-24)/9*-17. Let p = f - 69. Is p a composite number?
False
Suppose 14*l - 1266 = 12*l. Is l a prime number?
False
Let o(b) = b**2 - 6*b - 6. Let l be o(7). Let h(v) = v**2 + v. Let u(m) = -26*m**2 - m. Let a(r) = -2*h(r) - u(r). Is a(l) prime?
True
Let p(g) = g**3 + 2*g**2 + g + 1. Suppose 4*b = 5*h - 3 - 11, -2*b - 6 = -2*h. Is p(h) composite?
False
Let z = -299 - -525. Is z prime?
False
Let p = -148 + 207. Is p prime?
True
Let n(j) be the first derivative of 53*j**2/2 - j + 1. Is n(6) composite?
False
Let v be ((-2)/(-2))/(1/103). Suppose v = 5*r - 4*y, y + 0 = -2. Is r composite?
False
Suppose u - 120 = -3*u. Let i(b) = 17 + u - 10 - b**2 + b**3 - b. Is i(0) a composite number?
False
Let i = -6 + 10. Suppose 3*u - 344 = -u + i*y, 173 = 2*u - 3*y. Is u a prime number?
False
Let a be 4*(45/(-12) + 3). Let s(g) = -2*g - 1. Let r be s(a). Suppose m + 0*m + r*j = 122, -2*m + 3*j + 257 = 0. Is m a composite number?
False
Suppose 0 - 10 = -2*m. Let p = 19 + 0. Suppose 3*k - m*k = -y + p, -2*k = y - 19. Is y a composite number?
False
Let r(f) = -17*f + 6. Let n(z) = -816*z + 289. Let b(u) = 6*n(u) - 289*r(u). Let j(c) = 6*c. Let t(w) = -3*b(w) + 8*j(w). Is t(-1) a prime number?
True
Let o(f) = -2*f**3 - 6*f**2 - 5*f + 4. Let m be o(-4). Let z = -17 + m. Is z a prime number?
False
Suppose -s = -2*r - 5*s + 2314, -3476 = -3*r - 5*s. Is r a prime number?
False
Let c(j) = 4*j**2 + 26*j + 49. Is c(-26) a composite number?
True
Suppose 0*t - 4*t = 5*h - 4839, 5*h = -t + 4836. Is h a composite number?
False
Let p be 0/((-7)/(14/(-4))). Suppose p = -4*v + 2*v - 2*h + 34, 0 = 4*v + 3*h - 65. Is v a prime number?
False
Let j be 2/6*3*5. Suppose j*w + f = -f + 4, 4 = -5*w + 2*f. Suppose 14 = 2*m - w*m. Is m a composite number?
False
Is 28*((-10052)/16)/(-7) a composite number?
True
Let f(l) = -l**3 + 6*l**2 + 8*l + 5. Is f(6) composite?
False
Let j = 793 + -411. Is j a prime number?
False
Let j(y) = 66*y**2 - 2*y - 2. Let f(q) = -198*q**2 + 6*q + 5. Let c(o) = -3*f(o) - 8*j(o). Is c(1) prime?
False
Let o(x) = x**3 - 7*x**2 + x - 7. Let b be o(7). Suppose -4*r - 60 = -b*r. Is 4/(-10) - 1401/r composite?
True
Let l(y) = 7*y**2 + 7*y + 1. Let c be l(-5). Suppose 0 = t - 5, 0 = 3*j + 4*t - c - 344. Is j prime?
False
Suppose 4 = -4*r + 36. Suppose r = n - 23. Is n a prime number?
True
Let h(y) = 564*y**2 + 4*y + 3. Is h(2) composite?
False
Let v(u) = u**2 + 5*u - 4. Let d be v(-6). Suppose x - d = 4*j, -j + 5 = 4*x - 7*x. Let c(g) = -6*g**3 + 4*g**2 + 4*g + 2. Is c(x) a prime number?
False
Is 438 + (0 + 2)/(-2) a prime number?
False
Let j(c) = 3*c**2 + 2*c - 14. Is j(-15) prime?
True
Let g(z) = 9*z**3 + 2*z**2 - z + 1. Suppose 3*f - 9 = -3*j + 12, 3*j + 4 = 2*f. Is g(j) a composite number?
False
Let r(h) be the second derivative of h**5/20 - h**4/3 - 7*h**3/6 - 7*h**2/2 - h. Let u(i) = -i + 2. Let z be u(-4). Is r(z) composite?
False
Let c be (3/(-6))/(3/(-54)). Suppose d + c = 5*x + 1, -4*d = 4*x - 40. Is d composite?
False
Suppose -m - 14 = -3*b, -b + 5*m - 20 = -4*b. Let r be ((-2)/(-2) + -1)/(-1). Suppose r = -h - 2*s + 7*s - 6, 5*h + b*s - 120 = 0. Is h a composite number?
False
Let j = 316 - 144. Let w = -59 + j. Is w composite?
False
Suppose -5*u + s = -4*s + 5, 1 = -u - s. Suppose -31 = 4*w + 3*x - 6*x, -5*w - 3*x - 5 = 0. Is (-6)/u - (4 + w) a prime number?
False
Let g(f) = f**2 - 9*f - 2. Let q be g(9). Is q/(-5) - 20531/(-35) composite?
False
Let o = -30 + 16. Let t = 5 + o. Is (-353)/t + (-4)/18 a composite number?
True
Let j(n) = 621*n - 25. Is j(4) a composite number?
False
Let q(v) be the second derivative of -v**4/6 + v**3 + v**2 + 2*v. Let l be q(8). Let z = -43 - l. Is z a composite number?
True
Let g = -13 - -19. Let v(a) = 16*a - 7. Is v(g) a composite number?
False
Suppose -3*z = -5*a - 295, z + 0*a - 105 = 5*a. Is z composite?
True
Suppose -4*d + 613 = 2*l + 123, 2*l = d + 495. Is l composite?
True
Let i(q) = -q**3 - 3*q**2 + 2*q - 2. Let b be i(-4). Let l(v) = 12*v + 7. Is l(b) a prime number?
True
Suppose -4*s = 2 + 2. Is 2/s + 11*1 prime?
False
Suppose -3*i - 7 = -4*i. Let k(f) = f**3 - 7*f**2 + 3. Let o be k(i). Let y(j) = j**3 + 2*j**2 + 2*j - 4. Is y(o) a composite number?
False
Let r(u) = 6*u + 5. Suppose 0 = 5*f - 0*z + 3*z - 38, 5*z = -2*f. Is r(f) prime?
False
Is 5 - 2 - (-911 - 3 - 2) a prime number?
True
Let z(w) be the third derivative of w**5/30 - w**4/8 + 5*w**3/6 + 2*w**2. Is z(4) composite?
True
Let h(w) = -w**2 + 3*w + 2. Let x be h(3). Let v be 84/(-16)*8/x. Let k = v - -67. Is k a prime number?
False
Suppose 3*i - 10 + 1 = 0. Suppose -4*j + 356 = -5*t, -2*t - i*t = 5*j - 490. Is j a prime number?
False
Suppose 5*t = -3*s + 19 - 3, 8 = 4*s. Suppose t*m - 4*m = 8. Is (-10)/m*(15 - 5) a prime number?
False
Suppose -4*q - 113 = -3*l, -23 = -l - 4*q + 4. Let f be 7/l - (-18)/10. Suppose 25 + 81 = f*r. Is r a composite number?
False
Let v be (-30)/(-7) - (-14)/(-49). Let x be (-2)/v*18/(-3). Is (x/((-6)/652))/(-2) a prime number?
True
Let c = -18 + 18. Let g(i) = i**3 - i**2 - i + 427. Is g(c) a composite number?
True
Let d(h) = -15*h - 1. Let t(l) = 44*l + 3. Let u(z) = 17*d(z) + 6*t(z). Is u(4) a prime number?
True
Let c(t) = -t + 7. Is c(-6) prime?
True
Let f be (-7)/((-1)/(-6)*2). Let u = 16 - f. Is u a composite number?
False
Suppose 5*c = k - 3, 5*k = -0*c - 5*c - 15. Let g be (131 - 1)*c/(-2). Suppose -g = -5*y + 10. Is y a prime number?
False
Let n(z) = -z - 3. Let q be n(-3). Suppose q = 2*h + 3*h. Suppose -94 = -2*k - h*k. Is k prime?
True
Let c = -348 + 719. Is c prime?
False
Is ((-92)/6)/((-20)/210) prime?
False
Let g(z) = z + 388. Let y be g(0). Suppose 0 = 5*b - y - 97. Is b a composite number?
False
Suppose 48*u = 43*u + 2930. Is u a prime number?
False
Suppose -7 = -4*i - 3. Let q(u) = 14*u**3 + 3*u**2 + 4 - 5 - 2*u**2. Is q(i) a composite number?
True
Let x = -208 - -522. Is x a prime number?
False
Let p(g) = -26*g**3 + g**2 - 1. Let x be p(-1). Suppose 0 = a - x - 11. Is a composite?
False
Let u = -3 - -3. Suppose 0*h = -2*h + 770. Suppose u = -3*a - 2*a + h. Is a a composite number?
True
Let g be (-16)/12*3/(-2). Suppose -2*y = -6, -m + 5*y - 313 = -g*m. Suppose t = -t + m. Is t a composite number?
False
Let s(j) = 218*j**3 - 3*j**2 + 1. Is s(2) prime?
True
Let r = 89 - -107. Suppose -6*n = -4*t - 2*n + r, -151 = -3*t + 2*n. Suppose t + 187 = 4*i + 4*m, 235 = 4*i + 5*m. Is i a composite number?
True
Let u be ((-842)/1)/(-2) + 1. Let i = -165 + u. Is i prime?
True
Let s be -5*((-36)/(-10))/(-1). Let w = -3 - -4. Let t = w + s. Is t prime?
True
Is 3/(2*3/314) prime?
True
Suppose 6*q = 7*q - 3. Suppose q*v = 8*v - 725. Is v a composite number?
True
Let x(h) be the first derivative of h**3/3 + h**2 + 3*h - 2. Let o be x(-2). Let y(j) = 4*j**3 - 5*j**2 + j + 3. Is y(o) a prime number?
False
Is ((-2260)/30)/(4/(-6)) a prime number?
True
Is ((-1735)/10)/((-2)/4) a prime number?
True
Let g(z) = 293*z**2 + 2*z + 2. Is g(-1) prime?
True
Let o = -1 + 1. Suppose l + 28 = -4*t, o*l = 4*t + 3*l + 28. Let z = 11 + t. Is z a composite number?
True
Suppose 24 = -5*l + 654. Is 2 + l + 6/2 a composite number?
False
Let d = -37 - -64. Suppose -3*p = 4*h - 57 - 79, 0 = h - p - d. Is h a prime number?
True
Let w(f) = 940*f - 2. Let c be w(-1). Is 6/48 - c/16 a composite number?
False
Let n(c) = 10*c**2 + c - 1. Let b be n(-2). Is b/3*(1 - -2) a prime number?
True
Let d(n) be the first derivative of -5*n**4/4 + 4*n**3/3 + 7*n**2/2 - 4. Let k be d(6). Is 1/(2*(-3)/k) a composite number?
False
L